
True
Is 36293 a composite number?
False
Is 27143 a composite number?
False
Is 76339 a prime number?
False
Is 1361 prime?
True
Is 1243 a composite number?
True
Is 472937 composite?
False
Is 18583 a composite number?
False
Is 662743 prime?
True
Is 270929 composite?
True
Is 6248057 composite?
False
Is 39979 a prime number?
True
Is 6805 prime?
False
Is 216955 a prime number?
False
Is 38497 a prime number?
False
Is 4689847 a prime number?
True
Is 151537 a prime number?
True
Is 23347 composite?
True
Is 51193 a prime number?
True
Is 4411 a composite number?
True
Is 13367 composite?
False
Is 776159 prime?
True
Is 143537 a composite number?
False
Is 19354 a prime number?
False
Is 68905 a prime number?
False
Is 1426351 a prime number?
False
Is 269337 prime?
False
Is 350617 a composite number?
False
Is 63107 prime?
False
Is 3231737 a prime number?
True
Is 30539 prime?
True
Is 53111 a composite number?
True
Is 5617 a prime number?
False
Is 14963 a composite number?
True
Is 125011 composite?
True
Is 193615 a composite number?
True
Is 120977 a prime number?
True
Is 107753 prime?
False
Is 10783 composite?
True
Is 673891 a composite number?
False
Is 317573 a prime number?
False
Is 101051 a composite number?
False
Is 566387 prime?
True
Is 129083 composite?
False
Is 340143 a composite number?
True
Is 99689 a prime number?
True
Is 8641 a composite number?
False
Is 43311 a composite number?
True
Is 844421 a prime number?
True
Is 199571 a composite number?
True
Is 98591 a composite number?
True
Is 6779 prime?
True
Is 1082 a composite number?
True
Is 1201 prime?
True
Is 84493 composite?
True
Is 705513 a prime number?
False
Is 1528667 composite?
True
Is 5469 a composite number?
True
Is 111235 prime?
False
Is 529807 a prime number?
True
Is 49607 a composite number?
True
Is 37229 composite?
True
Is 817433 composite?
False
Is 449621 a prime number?
True
Is 117529 composite?
False
Is 3611 prime?
False
Is 217349 composite?
True
Is 836299 a prime number?
True
Is 5045 prime?
False
Is 283331 a composite number?
True
Is 1060937 composite?
False
Is 339091 a composite number?
False
Is 1027609 composite?
True
Is 4387 a composite number?
True
Is 17707 a composite number?
False
Is 839 composite?
False
Is 22637 a prime number?
True
Is 237739 a prime number?
False
Is 28277 a prime number?
True
Is 796465 composite?
True
Is 115459 a composite number?
False
Is 6609 prime?
False
Is 117911 a composite number?
False
Is 53113 composite?
False
Is 25301 composite?
False
Is 75343 a composite number?
True
Is 103913 a composite number?
False
Is 14459 prime?
False
Is 231317 prime?
True
Is 3747 composite?
True
Is 87807 composite?
True
Is 82543 prime?
False
Is 104471 a prime number?
True
Is 200801 composite?
True
Is 22081 prime?
False
Is 831823 a composite number?
True
Is 53221 composite?
True
Is 66739 composite?
False
Is 335689 composite?
False
Is 124459 composite?
False
Is 2459 a prime number?
True
Is 186773 a composite number?
False
Is 483485 composite?
True
Is 42209 a composite number?
False
Is 4145 a composite number?
True
Is 877 prime?
True
Is 332855 a prime number?
False
Is 1476001 prime?
True
Is 451597 a composite number?
True
Is 30353 a prime number?
False
Is 1061 composite?
False
Is 279571 prime?
True
Is 52469 composite?
True
Is 36259 a composite number?
True
Is 827501 composite?
False
Is 9871 a composite number?
False
Is 373 prime?
True
Is 11337 a composite number?
True
Is 1427291 prime?
True
Is 682721 composite?
True
Is 192931 a composite number?
False
Is 5042 composite?
True
Is 30949 composite?
False
Is 46399 a composite number?
False
Is 35357 a composite number?
True
Is 1837469 a prime number?
False
Is 347 prime?
True
Is 15185 a prime number?
False
Is 461479 a composite number?
False
Is 31157 a prime number?
False
Is 727213 a composite number?
True
Is 185477 a prime number?
True
Is 70619 a prime number?
True
Is 534167 a prime number?
True
Is 87861 composite?
True
Is 100333 a composite number?
False
Is 80021 a composite number?
False
Is 570727 a prime number?
False
Is 376783 prime?
False
Is 6022 a prime number?
False
Is 59497 a prime number?
True
Is 523019 prime?
False
Is 1743793 a prime number?
True
Is 77947 prime?
False
Is 4721 a composite number?
False
Is 50291 prime?
True
Is 1283 a prime number?
True
Is 1408151 prime?
True
Is 15297 a composite number?
True
Is 62753 prime?
True
Is 11261 a prime number?
True
Is 250429 prime?
False
Is 171553 a composite number?
False
Is 401473 a prime number?
True
Is 61917 a prime number?
False
Is 864937 composite?
True
Is 55851 a composite number?
True
Is 1195891 composite?
False
Is 74279 a prime number?
True
Is 50221 a prime number?
True
Is 1943173 composite?
True
Is 912167 a composite number?
False
Is 2346959 a prime number?
True
Is 18517 prime?
True
Is 73181 prime?
True
Is 1279 composite?
False
Is 713669 a composite number?
True
Is 17827 a prime number?
True
Is 77879 a composite number?
True
Is 669077 a composite number?
False
Is 5969 composite?
True
Is 14687 prime?
False
Is 35779 composite?
True
Is 11467 prime?
True
Is 183109 a prime number?
False
Is 331349 a composite number?
False
Is 3719 a prime number?
True
Is 4562497 prime?
True
Is 39505 a prime number?
False
Is 75133 prime?
True
Is 9661 a composite number?
False
Is 36973 prime?
True
Is 8287 prime?
True
Is 3979 a composite number?
True
Is 5137 composite?
True
Is 142007 prime?
True
Is 15133 composite?
True
Is 1189 prime?
False
Is 2579 prime?
True
Is 40151 a composite number?
False
Is 350395 composite?
True
Is 13453 composite?
True
Is 14401 composite?
False
Is 1777 composite?
False
Is 35233 prime?
False
Is 10481 prime?
False
Is 195991 prime?
True
Is 607249 a prime number?
True
Is 5039 prime?
True
Is 19661 a prime number?
True
Is 173929 a prime number?
False
Is 1565669 a prime number?
False
Is 20411 prime?
True
Is 41579 composite?
False
Is 986105 composite?
True
Is 2843 composite?
False
Is 70647 prime?
False
Is 16331 composite?
True
Is 1403 composite?
True
Is 42977 a prime number?
False
Is 100831 a prime number?
False
Is 8329 prime?
True
Is 559541 a composite number?
False
Is 361421 a composite number?
False
Is 18587 prime?
True
Is 1721 prime?
True
Is 484457 a prime number?
True
Is 2763241 a prime number?
False
Is 50749 a composite number?
True
Is 1903 composite?
True
Is 21001 composite?
False
Is 11789 prime?
True
Is 106 a composite number?
True
Is 22163 composite?
True
Is 18409 composite?
True
Is 180161 a prime number?
True
Is 37261 prime?
False
Is 21059 composite?
False
Is 40063 a composite number?
False
Is 1253069 a composite number?
True
Is 11579 a prime number?
True
Is 728913 prime?
False
Is 791457 composite?
True
Is 21851 prime?
True
Is 7177 a prime number?
True
Is 5702 a prime number?
False
Is 4201 composite?
False
Is 7187 prime?
True
Is 84913 composite?
False
Is 856663 a composite number?
True
Is 26147 a prime number?
False
Is 324859 composite?
True
Is 10214 prime?
False
Is 30029 prime?
True
Is 59051 a composite number?
False
Is 416309 a composite number?
True
Is 15559 prime?
True
Is 37949 a composite number?
True
Is 190357 prime?
True
Is 26447 composite?
True
Is 17321 prime?
True
Is 29221 a prime number?
True
Is 410983 a composite number?
False
Is 20701 a prime number?
False
Is 8443 composite?
False
Is 947959 prime?
True
Is 7417 prime?
True
Is 799523 a prime number?
True
Is 115341 a prime number?
False
Is 41221 a composite number?
False
Is 274 a prime number?
False
Is 117085 a composite number?
True
Is 77611 composite?
False
Is 8899 composite?
True
Is 314527 a prime number?
True
Is 12637 a composite number?
False
Is 9529 a prime number?
False
Is 26539 composite?
False
Is 122471 prime?
True
Is 899681 a prime number?
True
Is 999853 a prime number?
True
Is 2987 composite?
True
Is 10007 a prime number?
True
Is 2293 composite?
False
Is 4999 a prime number?
True
Is 10559 composite?
False
Is 405571 composite?
True
Is 37273 composite?
False
Is 1355 composite?
True
Is 50047 composite?
False
Is 15049 composite?
True
Is 54854 composite?
True
Is 164953 a composite number?
False
Is 373487 composite?
False
Is 638527 prime?
True
Is 24151 a prime number?
True
Is 14689 prime?
False
Is 4049 a prime number?
True
Is 1931 composite?
False
Is 237407 prime?
False
Is 96989 prime?
True
Is 3221 prime?
T